 + 1 + (-83 - (-145 + 30))?
-72
What is (3 - 12) + 20 - (11 + (-9 - -4))?
5
What is 2 + 0 + 16 + (5 - 16)?
7
What is 12 + 5 - 3 - -1 - (38 - -2)?
-25
-31 - -86 - 31 - 74
-50
-1 + (4 - 2) - ((-38 - -165) + -19) - -9
-98
Evaluate -11 + -3 + 26 + (33 - 45) + -2.
-2
What is -95 + (-53 - (35 + -124))?
-59
Evaluate 74 + (-149 - (-1 + -20)).
-54
Evaluate 39 + (-2 - 0) + 696 + -692.
41
114 + -220 + 79 + (-75 - 2)
-104
What is the value of -37 + 10 + 0 + 52 - -50?
75
Calculate 31 - ((10 - -12) + (-21 - 23)).
53
What is the value of 1 + -6 - (-18 - (-60 + 73))?
26
3 + (4 + -10 + 26 - -8)
31
Calculate 5 + -12 + 34 + -7 + -11 - -1 - -53.
63
What is 68 + -4 - -1 - (61 + -80)?
84
9 + (-8 - (18 + 3)) + 11 - -1
-8
Evaluate (5 + -18 + 5 - (-144 + 106)) + 1.
31
Evaluate -9 - (-122 + 46 + 33).
34
-2 + (4 - -2) - ((125 - 30) + -38)
-53
Calculate (15 + (16 - 30) - 11) + -15.
-25
What is the value of -2618 + 2593 + -1 + 7?
-19
What is the value of (16 - (-4 + -13)) + 13 - -28?
74
Evaluate (-10 - -5) + 10 + 12 + -5 - (-15 - -19).
8
What is -19 + 59 + -54 - (0 - -35)?
-49
Evaluate -62 - ((-9 - -3) + 196 + -174).
-78
42 - ((5 - (-11 - -28 - 12)) + 1)
41
(31 + -19 - 30) + -32 - (7 - 1)
-56
What is -601 + 558 + (17 - (-5 + 2 - -4))?
-27
What is 50 - (-1 + (-11 - 4) + 16)?
50
Evaluate -75 - (-57 + 35) - (-1 - 0 - (2 - -2)).
-48
(-562 - -505) + 54 + -3
-6
-1 + 47 + 1 - (-41 + 229 + -176)
35
Evaluate 0 + -33 - (18 + -25) - (-9 + -1 + -2).
-14
-6 + (-30 - -52) + 6
22
What is 27 + 2 + -53 - (-32 - 32)?
40
Evaluate (-424 - -418) + (1 - (1 + -2)) + (-36 - -2).
-38
(349 - 345 - (3 - 10)) + (2 - (-4 - 0))
17
Calculate -33 - (-9 + -24 + -1 + 17).
-16
(-34 - 0) + (-21 - (-52 - (-36 - 2)))
-41
969 - 1050 - (-11 + 2)
-72
What is (1 - -37 - 0) + -441 + 437 - 8?
26
What is (22 + -3 - (-116 - -118)) + 18?
35
What is -12 + (-29 + 17 - (-7 + -1)) + 6?
-10
(69 - (13 - -15)) + 108 + -17
132
Calculate 37 + -23 + -19 + 52 - (22 + -3).
28
32 - (4 + 16 + -12 - -6)
18
(-114 + 109 - (-2 - -9) - (1 - 0)) + -9
-22
What is the value of -2 + -5 + 4 - ((18 - 24 - -50) + 1)?
-48
What is 26 + -2 + (-12 - (-13 + 7 + -15))?
33
What is (15 - (27 - -19)) + 51?
20
Evaluate 971 + -1024 + 11 + 11.
-31
-29 - (-1 + 15 + -11 + -3 - 6)
-23
Calculate 1 + 4 + (-46 + (6 - -19) - -37).
21
What is the value of -1215 + 1232 + (21 - (-2 + 3))?
37
-7 + 0 + (624 - 596)
21
What is the value of 81 + (13 - (-9 + (53 - 14)))?
64
Calculate -3 + 2 - -7 - 2.
4
-40 - (-11 - (273 - 149))
95
Calculate 72 + (-75 - 97) + 49.
-51
What is the value of -54 - 97 - -192 - (-24 - -1)?
64
What is 114 + -66 - 46 - (5 - 53 - 0)?
50
Calculate -30 - (-21 - -17 - 71).
45
What is the value of -64 - (-5 - 12 - (15 - (16 + 11)))?
-59
Calculate -5 + -9 - ((40 - 96) + 49).
-7
-63 + (37 + 27 - 66)
-65
149 + -83 - 66 - (82 - 0) - (-2 - -11)
-91
What is -54 + -1 - (3 + -7) - (-224 + 212)?
-39
-40 + (78 - 64) - (6 + -117)
85
Evaluate 9576 + -9437 + 1 + -248.
-108
What is the value of 21 + (-52 - -24) + -5 + -17?
-29
Calculate 9 + 19 + (20 - 50) + -4 + 75 + -3.
66
-52 + 2 + 15053 + -15042
-39
4 + (-9 - ((-8 - -11) + -11)) + 16
19
What is the value of -67 - ((23 - 45) + -23)?
-22
601 + -584 + (-1 - 101) - -27
-58
What is the value of (3 - 145) + -50 + 55 + (-14 - -3 - -2)?
-146
-1 - (-14 + 0 - (-113 - -152))
52
What is -9 - 4 - ((26 - 63) + 43) - 92?
-111
What is (144 + -92 - 88) + (-1 - 2)?
-39
What is 10 + (-4 - (-4 + 32) - (-4 + -1))?
-17
What is the value of (62 - 16) + -6 - (1 + -4)?
43
What is the value of 13 - (-21 + -26 + 12) - -10?
58
What is the value of -37 + -4 + (1 - (3 - 9 - -12))?
-46
What is (-7 - 0) + (-11 - -21) + -8 - 0?
-5
-93 - -66 - (-12 - 0)
-15
(40 + -9 + 5 - 4) + (120 - 133)
19
What is 111 + (-192 - 30) + 141?
30
Evaluate (18 - 11) + 1 + -43 + 13.
-22
Calculate 50 - (542 + -500 + (-3 - 100)).
111
What is the value of 39 - (-14 + (43 + -7 + -14 - 5))?
36
Evaluate -98 - (-12 - (202 - 131)).
-15
What is the value of (4 - -52) + (-1460 - -1333)?
-71
What is the value of -14 - (-14 + 19 + -12 - -3) - 33?
-43
Calculate -17 - ((-5 - -1) + 1 - (-108 + 78 + 21)).
-23
Evaluate 16 + 8 + -1 + -5 - (0 + 13).
5
-3 + 0 + 0 + (26 - (-12 + 23)) + 6
18
What is the value of 11 - (-14 + (4 - 10) + 24)?
7
-126 - -136 - (-13 + -1 + 27 + -20)
17
Calculate (-43 - 12) + 50 - (0 + 0 - 1).
-4
Calculate 6 + 28 - (-16 - -72).
-22
What is -2 - (15 - 3) - (-56 + 98 + -51)?
-5
What is (83 - 82) + (-23 - (3 - 4)) + -15 + 15?
-21
What is the value of (-27 - 32) + -176 + 281?
46
Evaluate -12 + -1 - (-71 - -13 - 40).
85
-97 + 27 + -79 + 91
-58
Calculate -10 + -12 + -17 + (-23 - -24).
-38
Evaluate -32 + (69 - (53 - -1)).
-17
Calculate (9 - (11 - 22 - ((-5 - 2) + -12))) + -61.
-60
19 + 90 + -100 - ((0 + 1 - -3) + 81)
-76
What is -180 + -117 + -38 + 242?
-93
Evaluate -33 + 56 - 18 - 16.
-11
Evaluate -17 + (15 - (28 - -16)) + -13.
-59
What is the value of (107 - 38 - 55) + (0 + -2 + -1 - 4)?
7
What is the value of (3 - 3) + 34 + (1 - 34) + 39?
40
What is the value of 16 - -60 - 19 - 20 - 165?
-128
What is -4 - (6 + (0 - 11) + -20 + (14 - 2))?
9
Evaluate (-23 + -1 - (1618 + -1592)) + 2.
-48
Calculate -9 + 5 + (0 + -13 + 5 - -19).
7
What is -103 - (16 + 3 + -5 + (266 - 258))?
-125
-19 - ((-20 - -47) + -98) - 6
46
What is 20 + -96 + -59 + 59?
-76
What is the value of (-28 - (57 - 107)) + -1 + -15?
6
What is -10 - 90 - (72 - (115 - 52)) - (0 + -5)?
-104
What is ((19 - (-10 - -11)) + -25 - -117) + 23?
133
Evaluate -12 + -18 + (-7 - -81).
44
Calculate -29 + (146 + -88 - 17).
12
What is the value of -34 - (-4 - (6 + (-16 - -8 - -12)))?
-20
Calculate 29 + (-30 - -23) + 1 + -13.
10
Evaluate -5 - (-116 - (-15 + -1 + 11 + -2 - 2)).
102
What is -60 - ((178 - 70) + -184)?
16
(18 - (18 + -3)) + -20
-17
What is the value of (-5 - 102 - 15) + 67?
-55
What is the value of 2 + (-75 - (1 - -1)) - ((112 - 60) + -63)?
-64
54 - (23 - (-49 + 62))
44
-6 - ((9 - -1) + -82 - -11)
55
Evaluate 3 + (33 - 2) + 20 + (-7 - 12).
35
What is the value of (-221 - -269) + 118 + -11 + -5?
150
Calculate 27 + -25 + (1 + 22 - 0) + (1587 - 1576).
36
Evaluate (-15 - 33) + 19 + -25.
-54
Calculate (4 - -12) + -4 + (-15 - (8 - 21 - 9)).
19
Evaluate 11 - 5 - (17 - 13) - 65.
-63
-22 - (-23 - -25 - 18) - -96
90
Calculate -19 + (-24 - 40) - -46.
-37
(-35 - 4) + -197 + 179
-57
Evaluate -71 + (-19 + 23 + -16 + 7 - -14).
-62
Evaluate (-5 - 5) + 24 + (49 - 92).
-29
What is the value of (47 - 15) + -85 + (9 - 31) + 4?
-71
Calculate 1323 + -1345 - (0 + 60).
-82
Evaluate 21 + -3 + -39 - -56 - 1.
34
Calculate (59 - 51) + (-87 - -84).
5
What is -115 - (-16 + -4 + 0 + -14 + (-8 - -32))?
-105
-47 - (56 + -165 - 19)
81
What is the value of -86 + (26 - (31 + -46))?
-45
What is the value of (-14 - -18) + -10 + 10 + 6?
10
-8 + -12 - (126 - 140) - ((-1 - 0) + -13)
8
Evaluate 90 + 2 + -10 + -9 + (-11 - -16).
78
What is -1 + (-13 - -1) + 31 + (75 - 57)?
36
What is the value of (2 - 2) + (95 - (-1 + 2)) + 4924 + -4929?
89
What is the value of (-4 - 4 - (-73 - -62)) + 1 + -1 + 11?
14
Calculate -4090 + 4171 + (-2 - -31).
110
What is the value of -42 + 251 + -272 + 24 + -2?
-41
Calculate -31 + (-16 - -31) - -35 - -16.
35
What is the value of (-43 - -14) + 17 + (-12 - ((-5 - 2) + 4))?
-21
Calculate -2659 + 2578 + (1 + 1 - -1) + 1 + -1.
-78
Calculate (94 - 55) + (-1 - -1) + 1 + 6.
46
Calculate -1 + (-78 - -80) + 34.
35
What is (-1 - 0) + 28 + 39 + -74 + 43?
35
Evaluate (0 - -9) + -39 + 21 + (-1 - -10).
0
What is 108 - (74 - -51 - 3)?
-14
What is the value of -100 - (-204 - (3 - 128))?
-21
What is -101 + 131 + -119 + 14 + -3 - -4?
-74
What is the value of 491 - 507 - (41 - -5)?
-62
Calculate (-3 - 0) + (46 - 27) - 9.
7
Calculate 2 + 18 + -23 + 14.
11
Evaluate -9 + 0 - (3 + (-33 - -38)).
-17
What is -685 + 621 - (-1 + -16) - (-1 + 5)?
-51
Evaluate (-19 + 30 - (12 + -4)) + 11.
14
What is the value of -67 - (-92 - -78) - -35?
-18
Calculate 3 - 26 - -4 - (114 + -176).
43
-30 + 8 + 14 + (0 - -15) - -5
12
What is the value of -12 + 1 + (3 - (-2 + 11 - (-19 + 32)))?
-4
-289 + 299 + (2 + 0 - (-4 + 6)) + -75
-65
(88 - (-43 + 39)) + -52
40
What is 12 + (-9 - 35) - -7?
-25
Evaluate -2437 + 2451 + -2 + (-7 - 2).
3
What is 1404 + -1434 + (4 - -2)?
-24
Calculate 41 - 45 - (-8 + -18).
22
Evaluate 94 - (54 + -11 + -36).
87
50 - (12 - 56 - -97)
-3
What is 